r/8)/((-2)/24)?
2, 3
Let k(a) = 6*a**2 + 3*a + 3. Let i be ((-42)/(-3))/(2/(-1)). Let o = i + 5. List the prime factors of k(o).
3, 7
Suppose 181 = -4*p - 2*r + 11, 5*p - 2*r = -226. Let y = 70 + p. What are the prime factors of y?
2, 13
Let s(w) = -6*w + 1. What are the prime factors of s(-3)?
19
Let g be ((-1)/1)/(3/21). Let y(n) = -n**3 - 2 + 2*n + n - 6*n**2 + 2*n. List the prime factors of y(g).
2, 3
Let r be (1376/(-40))/((-2)/10). Suppose -z + r = 3*z + 4*k, 3*k = 5*z - 175. What are the prime factors of z?
2, 19
Suppose -6 = -0*k - k. Suppose v = 6 + k. What are the prime factors of v?
2, 3
Let b(v) = v - 1. Let s(z) = 3*z - 5. Let u(h) = 4*b(h) - s(h). Let f be (9 - 13)*(-1 + -1 + 0). What are the prime factors of u(f)?
3
Let v be 1/(-5) - 63/(-15). Suppose 21 = -t + 2*t + z, -77 = -v*t + 3*z. What are the prime factors of t?
2, 5
Let f(x) = 6*x - 2. Let y be f(2). Suppose -14 = 3*c - 2*z, -13 = 4*c - z - 1. Let k = c + y. List the prime factors of k.
2
Let l = -33 - -52. List the prime factors of l.
19
Let b = 7 + -2. Let c = 1 + b. Let o(v) = 2*v + 4. What are the prime factors of o(c)?
2
Let n = -9 - -16. Let i = -2 + n. Suppose i*f = 5*g + 3*f - 52, 0 = -5*g + 4*f + 44. List the prime factors of g.
2, 3
Suppose 4*z + 23 = -13. Let y = 13 + z. What are the prime factors of y?
2
Let h(o) be the third derivative of o**6/120 + o**5/10 + o**4/6 + 2*o**3/3 + 2*o**2. Let r be h(-6). Let d = r + 28. List the prime factors of d.
2
Suppose 0 = -0*v + 2*v. Let n(c) = -2*c**2 - 7*c - 5. Let o(j) = j**2 + 3*j + 2. Let k(u) = -4*n(u) - 9*o(u). What are the prime factors of k(v)?
2
Let u(q) = -q + 14. Let m be u(11). Suppose -m*d + 0*d + 54 = 3*p, 2*d = -6. What are the prime factors of p?
3, 7
Suppose -4*f = 2*s + 2*s - 488, f - 241 = -2*s. What are the prime factors of s?
7, 17
Let g = -51 + 94. Let x = 86 - g. Suppose 4*o - x = 29. What are the prime factors of o?
2, 3
Suppose -2*k = 2*n - 20, 4*n + 2*k - 44 = -0*n. Suppose 3*u + 0*u - n = 0. What are the prime factors of u?
2
Let l be (2 - 2)/(0 - -2). Suppose 0 = 4*v - 0*v. Suppose l = -u - v*u + 12. List the prime factors of u.
2, 3
Let n be (6/15)/((-1)/(-5)). What are the prime factors of (9/12)/(n/8)?
3
Let w(d) = -d**3 - 7*d**2 - 7*d + 5. Let c be ((-18)/(-7))/((-3)/(-21)). Suppose -3*y - c = -0*y. List the prime factors of w(y).
11
Suppose -6*x + 3*x = 0. Suppose x = 6*d - d - 5. Suppose 5 = w - d. What are the prime factors of w?
2, 3
What are the prime factors of ((-54)/(-10) - 5)*605?
2, 11
Suppose 5*d + 312 = 13*d. What are the prime factors of d?
3, 13
Suppose -2*y - 12 = -6*y. Suppose -7*m + y*m + 140 = 0. What are the prime factors of m?
5, 7
Suppose 0 = 3*x - 4*h - 89, x + 0*h - 13 = -2*h. List the prime factors of x.
23
Let n(u) = u**2 + 5*u + 2. Let o be n(-3). Let i = 13 + o. What are the prime factors of i?
3
Suppose -9 = 5*z + 21. Let w(h) = -h**3 - 5*h**2 + 4*h + 2. List the prime factors of w(z).
2, 7
Suppose 5*o = -g - 11 - 9, -2*o = -g + 15. Suppose -g = -2*h - 1. List the prime factors of h.
2
Let t(d) = d**3 - 15*d**2 - 15*d - 3. List the prime factors of t(16).
13
Let n = -16 - -54. Let m = -17 + n. List the prime factors of m.
3, 7
Let h be 3/6 - (-50)/4. Suppose -3*q + h = -2. Suppose 29 = 4*f - j, q*f - 6 = -j + 37. List the prime factors of f.
2
What are the prime factors of (-1 + 363/(-15))*(-10)/2?
2, 3, 7
Let n be 3 + 0 + 3/(-1). Suppose -3*d + 99 + 51 = n. What are the prime factors of d?
2, 5
Let t = 3 - 2. Let y be (6 - 3)/(-3)*t. Let k = 4 + y. List the prime factors of k.
3
Let c be ((-8)/(-12))/((-2)/(-27)). Suppose -3*b - 21 - c = 0. What are the prime factors of b/(-4) + (-3)/(-6)?
3
Let z = -5 - -9. List the prime factors of z.
2
Suppose 159 = 5*j - 1. Suppose -2*i = 2*i - j. What are the prime factors of i?
2
Let m(i) = i**3 + 4*i**2 + 3*i + 1. Let h be m(-3). List the prime factors of h - 1 - 3*-4.
2, 3
Suppose 7 + 8 = 3*v. Suppose -86 = -4*m + v*k, 3*k - 41 = -3*m + 37. List the prime factors of m.
2, 3
Suppose 2*q + 2*b - 106 = 144, -3*q + b + 359 = 0. Suppose -4*d + q = u, 3*d - 92 = -2*u + u. What are the prime factors of d?
29
Let i(t) = 26. Let p(q) = q - 25. Let b(y) = 3*i(y) + 2*p(y). What are the prime factors of b(0)?
2, 7
Suppose 0*n - 140 = -4*n. What are the prime factors of n?
5, 7
Suppose -4*p + 2*w = -92, 4*p - 92 = 3*w + 2*w. List the prime factors of p.
23
Let f(o) = -3*o**2 + 8*o + 5*o**2 - 1 - 8*o. List the prime factors of f(4).
31
Let s(r) = -2*r**2 + 161. What are the prime factors of s(0)?
7, 23
Let u = -67 + 105. Suppose -j - 4 = -u. What are the prime factors of j?
2, 17
Let k(b) = 18*b**2 + 2 + 5*b - 5*b - 1 - 2*b. List the prime factors of k(1).
17
Let n(u) = -3*u**3 + 3*u**2 - 4*u + 3. Let a(q) = q**3 + q**2 + q. Let g(h) = -2*a(h) - n(h). What are the prime factors of g(5)?
7
Suppose -4*w - t = 25, 15 = -4*t + t. List the prime factors of 1524/30 + (-1)/w.
3, 17
Let i(k) be the second derivative of k**4/12 + k**3/6 - 2*k. Let a be i(-3). What are the prime factors of 10 + (-4)/a*3?
2
Suppose 0*w + 5*w = 50. Suppose 2*o = -4*z - 22, -4*o + 33 = -5*z + 12. Let c = w - z. List the prime factors of c.
3, 5
Let v = 18 - 10. Let k = 10 - v. What are the prime factors of k?
2
Let j = -161 - -96. Let g = -42 - j. What are the prime factors of g?
23
Let w be 4*(-4)/12*-45. Suppose -3*z + 8*z = w. What are the prime factors of z?
2, 3
Suppose -4 = 2*i, -5*g + 4*i + 223 = -120. Suppose -203 = -4*h + 5*y - 19, 4*y - g = -h. List the prime factors of h.
3, 17
Suppose -5*d + 8*d + 2*a - 401 = 0, -3*d - a + 397 = 0. List the prime factors of d.
131
List the prime factors of 3*(1 + 0 - 0).
3
Suppose 7*d - 4*d = 0. Suppose 2*g + 2*g + 32 = d. Let j = g + 20. List the prime factors of j.
2, 3
List the prime factors of -2 + 1 + -2 + 40.
37
Suppose -v - 3*v = -352. What are the prime factors of v?
2, 11
Let l be (-2)/((-6)/93) - 3. Let v = -15 + l. What are the prime factors of v?
13
Let s(n) = -n**3 + 4*n**2 + 6*n + 6. Suppose -2*p + p = -5. What are the prime factors of s(p)?
11
What are the prime factors of (-12)/(-14) - (-4090)/14?
293
Suppose 5*b + 4*w - 95 = w, -49 = -2*b + w. Let x = b - 6. Suppose 0 = -2*y + 6 + x. List the prime factors of y.
11
Let k = -139 + 264. What are the prime factors of k?
5
List the prime factors of 2/(-10) + (-704)/(-20).
5, 7
Let a be (-1*9)/(-3) + -2. Let v be a/(-3) - (-64)/3. Suppose h = 4*h - v. What are the prime factors of h?
7
Let l(p) = p**3. Let a(h) = -4*h**3 + 2*h**2 - 2*h. Let x(b) = -a(b) - 3*l(b). What are the prime factors of x(4)?
2, 5
Let s = 403 + -209. What are the prime factors of s?
2, 97
Let p(i) be the third derivative of -i**4/12 - 11*i**3/6 - 2*i**2. What are the prime factors of p(-8)?
5
Suppose 5*t - t - 76 = 2*h, -48 = -3*t - 3*h. Let r be (2 + -1)*t*1. Suppose 5*v - r = 2*v. List the prime factors of v.
2, 3
Let d = 103 + -27. What are the prime factors of d?
2, 19
Let u(l) = -15*l + 1. Let o be u(-5). Let z be (-1)/4 + o/(-16). Let j(a) = -2*a - 7. List the prime factors of j(z).
3
Let m(f) = 7*f**2 - f + 1. Let o be m(1). Suppose 3*s - s + o = x, 5*s + 11 = 2*x. List the prime factors of x.
13
Let o be (-40)/(-12)*(-30)/2. Let d = -26 - o. What are the prime factors of d?
2, 3
Let i(n) = n**2 - 2*n - 1. Let v be i(5). Let u = -12 - v. Let h = -15 - u. List the prime factors of h.
11
Let m(c) be the third derivative of -c**5/60 - c**4/4 + 7*c**2. What are the prime factors of m(-4)?
2
Let a = 125 - -8. List the prime factors of a.
7, 19
Let m(t) = -11*t**3 + 3*t**2 - t + 1. Let g be m(2). Let d = -55 - g. Suppose 3*w = 9, 4*k - w - d = 3. What are the prime factors of k?
7
Let s = -107 - -42. Let b = s - -95. What are the prime factors of b?
2, 3, 5
Let a = -7 + 12. Suppose a*r = -p + 25, -2*p = p + 2*r - 23. What are the prime factors of p?
5
Suppose -3*d = -0*x + 2*x - 25, 4*d - 25 = -x. Suppose -31 = -3*i + x. List the prime factors of i.
2, 3
Suppose -t - 21 = -4*t. Let w = t + 11. What are the prime factors of w?
2, 3
Suppose j = -g - 1, 26 = 4*g - 2*j - 0*j. Let a be (-43)/(-15) - (-6)/45. Suppose g*z - 5 - a = 0. List the prime factors of z.
2
Let x(w) = -8*w**3 + w**2 - w. Let z be x(1). Let y be (-12)/8*z/6. What are the prime factors of 1/y + 92/8?
2, 3
Sup